.
112546
Convert 50 (base 16) to base 6.
212
1012204 (base 6) to base 9
73424
Convert 23431 (base 5) to base 10.
1741
-10024 (base 7) to base 13
-1141
111020 (base 3) to base 12
259
Convert -45227 (base 8) to base 16.
-4a97
Convert 860 (base 11) to base 16.
40a
Convert -c177 (base 13) to base 7.
-140433
What is -1001100010111 (base 2) in base 4?
-1030113
67887 (base 9) to base 14
12684
What is 560 (base 14) in base 3?
1110102
-11001 (base 5) to base 6
-3251
-10121232 (base 5) to base 12
-3ba30
-4ab (base 13) to base 14
-425
-1403 (base 6) to base 8
-553
Convert 26b9 (base 14) to base 4.
1222223
1322 (base 7) to base 5
4011
What is -e1 (base 15) in base 12?
-157
What is -293 (base 14) in base 5?
-4041
Convert -583a (base 14) to base 4.
-3233230
Convert -11123 (base 6) to base 12.
-aa3
What is 331 (base 14) in base 10?
631
-297 (base 16) to base 10
-663
Convert c5 (base 16) to base 2.
11000101
Convert -2213 (base 9) to base 13.
-987
What is 41987 (base 11) in base 4?
32322113
Convert -1750 (base 9) to base 8.
-2475
What is 1013133 (base 5) in base 16?
411c
230 (base 14) to base 7
1160
What is 28977 (base 11) in base 13?
1592a
Convert -2759 (base 15) to base 5.
-232114
What is 1110120 (base 4) in base 8?
12430
What is -48015 (base 9) in base 14?
-b9a2
What is 112210 (base 3) in base 9?
483
-3a4 (base 14) to base 4
-23130
What is 13432 (base 7) in base 10?
3649
Convert -50525 (base 6) to base 3.
-100011022
Convert 8b95 (base 13) to base 11.
1376a
Convert 235 (base 7) to base 13.
97
-1135 (base 6) to base 13
-182
Convert 2012 (base 5) to base 8.
401
What is 7092 (base 13) in base 10?
15498
What is 4430 (base 7) in base 13?
953
Convert 340033 (base 6) to base 4.
12331311
What is -b75 (base 16) in base 14?
-10d7
Convert 9a (base 12) to base 10.
118
-352 (base 14) to base 8
-1224
-85946 (base 10) to base 12
-418a2
-313002 (base 4) to base 3
-11211110
Convert 161111 (base 8) to base 14.
1717b
-42b3 (base 12) to base 11
-5569
What is -122223 (base 4) in base 12?
-ba3
Convert -100011110 (base 2) to base 3.
-101121
What is -3257 (base 15) in base 6?
-121201
Convert -6e78 (base 16) to base 11.
-1a27a
What is 2445 (base 10) in base 2?
100110001101
What is -2200043 (base 5) in base 2?
-1001001010010011
Convert 3d (base 16) to base 15.
41
3531 (base 7) to base 9
1700
Convert -235 (base 10) to base 11.
-1a4
What is 255 (base 14) in base 6?
2055
Convert 10032 (base 5) to base 14.
33c
Convert -43aa (base 11) to base 16.
-16af
What is 1c6 (base 15) in base 5?
3121
What is 1376 (base 12) in base 4?
203022
Convert -1364 (base 7) to base 11.
-448
-b7bd (base 14) to base 13
-11593
Convert -410 (base 10) to base 11.
-343
What is -1101001011 (base 2) in base 12?
-5a3
Convert -6c6 (base 14) to base 7.
-3636
46022 (base 7) to base 12
6912
221 (base 11) to base 13
175
Convert 1101010001001 (base 2) to base 16.
1a89
Convert 120546 (base 7) to base 3.
1010000200
Convert 30651 (base 7) to base 16.
1d6d
What is -485 (base 15) in base 12?
-715
What is 11112 (base 7) in base 9?
3753
Convert 240 (base 8) to base 4.
2200
What is -331024 (base 6) in base 4?
-12230320
What is 80a (base 11) in base 12?
696
What is 66a0 (base 16) in base 2?
110011010100000
What is 51479 (base 10) in base 2?
1100100100010111
1caf (base 16) to base 15
2298
What is 601 (base 12) in base 11?
717
Convert 110010100 (base 2) to base 12.
298
Convert 110 (base 3) to base 6.
20
Convert 892 (base 10) to base 16.
37c
Convert -1ab5 (base 15) to base 7.
-22616
What is 842 (base 11) in base 15?
479
Convert b422 (base 13) to base 15.
7581
What is -1357 (base 10) in base 15?
-607
-c058 (base 14) to base 3
-1200021110
Convert -1232302 (base 4) to base 13.
-32c5
-2a2 (base 15) to base 3
-211022
383 (base 9) to base 16
13e
What is -57c9 (base 14) in base 13?
-6c47
Convert -13140 (base 7) to base 4.
-312303
What is -412 (base 16) in base 12?
-72a
What is -30202 (base 4) in base 5?
-11202
What is -16560 (base 7) in base 8?
-11212
What is -3020001 (base 4) in base 14?
-4945
What is -11d0 (base 15) in base 16?
-ed3
What is -29942 (base 13) in base 8?
-231206
-22222 (base 3) to base 8
-362
Convert -101010012 (base 3) to base 4.
-1303100
What is -10 (base 16) in base 5?
-31
What is 10012 (base 7) in base 6?
15054
What is 10140 (base 5) in base 3?
220211
Convert -4121 (base 10) to base 11.
-3107
What is -25662 (base 7) in base 14?
-26d9
-373 (base 9) to base 12
-219
-182 (base 16) to base 13
-239
What is -170746 (base 8) in base 3?
-10010221120
Convert -c9ba (base 13) to base 6.
-333450
Convert -1054 (base 9) to base 7.
-2161
What is -38c5 (base 14) in base 8?
-23365
1021120 (base 3) to base 6
4153
10735 (base 9) to base 11
541a
Convert 165343 (base 7) to base 2.
1000000101010010
What is 147b (base 14) in base 6?
24501
32230102 (base 4) to base 7
340306
Convert 4727 (base 9) to base 4.
312310
Convert 10000011001111 (base 2) to base 6.
102515
Convert -100043 (base 5) to base 3.
-11022121
What is 4144 (base 5) in base 15?
269
Convert -94a (base 11) to base 16.
-477
Convert -1314110 (base 5) to base 10.
-26155
What is -b74 (base 16) in base 8?
-5564
199 (base 13) to base 6
1211
Convert 20193 (base 11) to base 7.
152010
Convert 11011101111101 (base 2) to base 13.
6609
Convert 4112 (base 6) to base 2.
1110001100
Convert 2122 (base 4) to base 16.
9a
Convert -3002 (base 6) to base 13.
-3b0
What is -868 (base 11) in base 4?
-100102
Convert 615 (base 9) to base 8.
764
What is 101111111011 (base 2) in base 8?
5773
6a6c (base 14) to base 12
a874
3441 (base 8) to base 6
12241
What is 13331 (base 8) in base 4?
1123121
Convert -b612 (base 15) to base 3.
-1221210122
176 (base 10) to base 8
260
-24017 (base 12) to base 10
-48403
d4b2 (base 15) to base 8
127616
-450 (base 13) to base 5
-10431
What is 101222 (base 4) in base 5?
14010
What is -672 (base 11) in base 8?
-1445
What is 284 (base 11) in base 10?
334
Convert 3df5 (base 16) to base 8.
36765
Convert -1110100 (base 3) to base 13.
-639
-20121000 (base 3) to base 13
-2259
-3a74 (base 16) to base 7
-61425
10012001 (base 3) to base 6
14431
What is -52735 (base 8) in base 3?
-1010011010
Convert -177b1 (base 14) to base 8.
-163417
What is -51945 (base 10) in base 6?
-1040253
Convert 1320 (base 8) to base 9.
880
1222121210 (base 3) to base 16
98b2
What is 112210100 (base 3) in base 10?
10782
1179 (base 11) to base 7
4325
What is a850 (base 13) in base 4?
11231123
10551 (base 7) to base 12
1676
What is 79 (base 12) in base 11?
85
Convert -26a (base 13) to base 4.
-12222
Convert 220012012 (base 3) to base 4.
10103210
-39c (base 14) to base 13
-43b
-11000010 (base 2) to base 16
-c2
Convert -13502 (base 7) to base 11.
-2843
What is -20026 (base 8) in base 5?
-230324
What is 395 (base 12) in base 3?
202012
Convert -4c4 (base 14) to base 2.
-1110111100
What is -31134 (base 7) in base 13?
-3612
52100 (base 9) to base 14
c732
Convert 1000001010101011 (base 2) to base 12.
17437
Convert 112021 (base 4) to base 7.
4063
-11335 (base 6) to base 14
-855
Convert 1444 (base 5) to base 16.
f9
What is 21101 (base 4) in base 13?
368
-3102 (base 9) to base 7
-6422
-1c18 (base 14) to base 9
-7016
416 (base 9) to base 6
1323
What is -22330 (base 7) in base 14?
-20c0
What is -a9 (base 13) in base 5?
-1024
133432 (base 6) to base 7
51242
2203202 (base 4) to base 3
112100122
8820 (base 13) to base 14
6c9c
-13320331 (base 4) to base 5
-2013232
What is -29 (base 15) in base 3?
-1110
Convert -10151 (base 7) to base 8.
-4666
-3841 (base 15) to base 3
-121102221
What is 74 (base 15) in base 10?
109
Convert 3301 (base 5) to base 3.
121201
What is -724 (base 8) in base 4?
-13110
What is 613 (base 9) in base 3?
200110
What is -1340 (base 5) in base 11?
-190
-300210 (base 4) to base 9
-4233
Convert 121122111 (base 3) to base 16.
2f68
-10110000010 (base 2) to base 10
-1410
Convert 32444 (base 5) to base 2.
100011001001
What is 1a424 (base 12) in base 14?
10108
What is -157 (base 16) in base 10?
-343
-12335 (base 6) to base 13
-b00
Convert 1b2a (base 12) to base 15.
ed1
39b (base 12) to base 13
335
Convert 112b (base 13) to base 3.
10022000
What is 22022021 (base 3) in base 15?
1bda
Convert -2738 (base 11) to base 2.
-110111011110
Convert 3bc (base 16) to base 13.
587
7772 (base 11) to base 13
487c
What is -6950 (base 10) in